t is the hundreds digit of g?
1
Let o(s) be the second derivative of s**4/24 + 3*s**3/2 - 11*s**2/2 - 11*s. Let z(q) be the first derivative of o(q). What is the units digit of z(-7)?
2
Suppose -5*h - 4*r - r + 2500 = 0, h = -4*r + 503. What is the hundreds digit of h?
4
Let s(g) = g**2 + 6*g + 9. Let h be s(-4). What is the tens digit of (2 - (-109 - -4))/(h - 0)?
0
Let r = -5859 + 8471. What is the tens digit of r?
1
Let l be 2*(-1 - -1*3). Suppose 8*v - 102 = 122. What is the units digit of v/(-7)*(-25)/l?
5
Let f(k) = 20*k**2 - 3*k - 3. Let x be f(-2). Let o = x + -41. Suppose -2*i - q + o = 2*q, 0 = -5*i - q + 92. What is the units digit of i?
8
Let o = 23 + 5. Suppose -8 = -4*t - 2*j, -o = -3*t + 4*j - 0. What is the units digit of 9/12*6*t?
8
Let t = -344 + 1080. What is the tens digit of t?
3
Suppose -15 = -x - i, 0*x + 5*x - 87 = -i. What is the units digit of 5/((-15)/12)*(5 - x)?
2
Suppose 12*s - 296 = 148. What is the tens digit of s?
3
Let w(q) = -5*q**3 + 8*q**2 + 4*q - 8. Let x(s) = -s**3 + s - 1. Let m(o) = w(o) - 4*x(o). Let k be m(8). Let n(g) = -6*g. What is the units digit of n(k)?
4
Suppose 3*a - 4*d = 5290, 2*a - d = -0*d + 3525. What is the hundreds digit of a?
7
Let z(f) = 4*f**2 - 177*f - 85. What is the tens digit of z(50)?
6
Let l(r) = 5*r**2 + 17*r - 10. Let p be l(-6). Suppose 0 = -y + 4*w + 45, -3*y + 3*w = -5*y + p. What is the tens digit of y?
3
Let t be (-5026)/(-84) - 2/(-12). Suppose 0*m - 5*s = -2*m + 108, m - s = t. What is the units digit of m?
4
Let i(a) = 70*a**3 + 6*a**2 - 11*a - 2. What is the tens digit of i(2)?
6
What is the units digit of -5 - (-2766)/18*3?
6
Suppose 4*k - 4 = 4. Let v be (-5)/k + (-3)/(-6). What is the tens digit of (-4 - v)/(2/(-11))?
1
Let h be ((-10)/(-4))/((-1)/(-236)). Let j = h - 418. Suppose 3*f = -f + j. What is the tens digit of f?
4
Let g(l) = -l**3 - 7*l**2 + 8*l + 4. Let s be g(-8). Suppose -2*k = 4*r - 42, -5*r + 3*k + 63 = 2*k. Suppose 6*d - s*d = r. What is the units digit of d?
6
Suppose -4*s + 812 + 774 = -2*h, 2*h = 5*s - 1982. What is the tens digit of s?
9
Let b(u) = 16*u + 239. What is the units digit of b(-9)?
5
Let n(m) = -m**3 + 3*m**2 + 2*m + 4. Let v be n(4). What is the tens digit of 3656/40 - v/(-10)?
9
Let g(x) = 10*x**2 + 8*x + 6. Let q be g(-4). Suppose -2*a + h + q = 0, 5*h - 311 = -5*a - 6. What is the units digit of a?
5
Let x be 158/3*(-3)/(-2). Suppose 4*j - 164 = d + 3*d, -d = -2*j + x. What is the tens digit of j?
3
Let o be (-3 - -7)/(-2) - -5. Suppose o*b = 5*f - b - 289, -b = 5*f - 284. Let u = f + -25. What is the tens digit of u?
3
Suppose 2778*u = 2769*u + 29925. What is the units digit of u?
5
Let k(d) = -7*d**3 + 3*d**2 + d + 8. Let q be k(-4). Suppose -2*y - 625 = -5*n, y + q = 4*n + 4*y. What is the hundreds digit of n?
1
Let d be (-8 - -10)*(-21)/2. Let v be 124/28 - (-9)/d. What is the units digit of 5*4/v - -2?
7
Suppose -5*u - 19 = i, -2*i + 4 = 4*u - 6*i. Let w(h) = -3*h**3 - 2*h**2 - 2*h - 2. What is the tens digit of w(u)?
6
Let s be (-12)/(-1 - 2)*-1. Let a be (0*s/12)/2. Let o = a + 5. What is the units digit of o?
5
Let a be (-4)/(-12) + (-76)/(-6). Suppose h - t = 1, 3*h - 4*t - a = -6*t. Suppose h*b - 21 = 39. What is the units digit of b?
0
Let o = -708 - -1732. What is the tens digit of o?
2
Let j = -12 - -49. Suppose -n + j - 8 = -2*y, 0 = 2*n + 4*y - 82. What is the tens digit of n?
3
Let n(d) be the first derivative of 7*d**2 + 48. Let b = -1 - -2. What is the units digit of n(b)?
4
Let s(i) = i**2 - i - 1. Let d be s(-2). Let m be (0 - (2 - d)) + 1. Suppose m*j = -j + 65. What is the units digit of j?
3
Let l(j) = 2*j**3 + 4*j**2 - 13*j - 25. What is the hundreds digit of l(8)?
1
Let a = 5 - 6. Let g be a*(-1*9 - -2). Suppose -3 = -u, 5*u - 26 + g = -4*m. What is the units digit of m?
1
What is the units digit of 11 - (-3814 - (-14)/(-7))?
7
Let w(p) = -5*p**3 - 2*p**2 - 7. Let d be w(-3). Let h = d + -62. What is the tens digit of h?
4
Let p(j) = 931*j + 133. What is the hundreds digit of p(2)?
9
Let x = -708 + 1451. What is the units digit of x?
3
Let u = -8 - -10. Suppose u*v - 32 = -0*v. Let h = v - 5. What is the units digit of h?
1
Suppose -20 + 2 = -v. Let k = v - -15. What is the tens digit of k?
3
Suppose -22*g = -41*g + 7049. What is the tens digit of g?
7
Let n(q) = -33*q + 6. Suppose 0 = 6*m - 7*m + 3*r - 11, -2*m - r - 1 = 0. What is the units digit of n(m)?
2
Suppose 0 = -294*f + 280*f + 41860. What is the tens digit of f?
9
Suppose 5*b - 7 = -i, -12 = 2*i + i + 4*b. Let u be i - -12 - (-1 + 1). Suppose u*r = r + 54. What is the tens digit of r?
1
Let j be (-4)/(-4 + 2)*(-65)/(-10). Let y(z) = -z**3 + 13*z**2 + 4*z - 12. What is the units digit of y(j)?
0
Let b(c) = 5*c - 3. Let j be b(3). Let p be (0 - 3/(-12))*j. Suppose 0 = 2*d - f, -2*d + p*f - f = 2. What is the units digit of d?
1
Suppose d - 2*d + i = 8, -d = 5*i + 2. What is the hundreds digit of ((-246)/7)/(1/d)?
2
Suppose 2*m + 24 = 4*n - 7*n, 2*m - 4*n = -10. Let j(g) be the second derivative of -g**3/2 + 3*g**2/2 - 7*g. What is the units digit of j(m)?
0
Let q(i) = i**2 + 7*i + 9. Suppose -2*h + 4 + 34 = 0. Let b = 13 - h. What is the units digit of q(b)?
3
Suppose 0 = -20*g + 6*g - 168. Let m(f) = 5*f**2 + 39*f - 22. What is the tens digit of m(g)?
3
Suppose 3*j - g = -2*j - 2, 8 = -5*j + 4*g. Suppose 2*t = -5*d + 122, j = 4*d - d - t - 71. What is the tens digit of d?
2
Let l(y) = -y**3 + 3*y**2 + 2*y - 2. Let h be l(-4). Let p = -11 + h. Suppose -5*i = -p - 44. What is the units digit of i?
7
What is the units digit of (-9674 - -23)*(-1)/3?
7
Let f(a) = 54*a**2 - 21. What is the tens digit of f(-3)?
6
Suppose v + 2*r + 0*r - 92 = 0, -v - 4*r + 102 = 0. Let b = 115 - v. What is the tens digit of b?
3
Let o = 535 - -418. What is the tens digit of o?
5
Let q = 76 + -149. Let m = q + 119. What is the tens digit of m?
4
What is the units digit of ((-1)/9)/1 - (-2728)/9?
3
Let v(y) = y**3 + 11*y**2 + 9*y - 9. Let n be v(-10). Suppose -5*l = n - 46. What is the units digit of l?
9
What is the units digit of -14*(-370)/(-20)*1*-15?
5
Let j(y) = 3*y**2 + 3*y - 5. Let f = -33 + 48. Suppose -2*z - f + 21 = 0. What is the tens digit of j(z)?
3
Let f(l) be the third derivative of 5*l**4/24 + l**3/6 - 2*l**2. Let p be f(11). Suppose -t + p = 14. What is the units digit of t?
2
Let t(g) = 5*g**2 - 12*g - 225. What is the units digit of t(19)?
2
Suppose -3*q + 0*q + 9 = 0. Suppose 68 = 4*w - 4*n, -q*w + 7*w = -3*n + 54. What is the tens digit of w?
1
Suppose 5 = g + 3*h + 2*h, -h = 0. Suppose 6*x - 3*x + g*t + 49 = 0, 7 = -4*x + 5*t. What is the units digit of 12/(-16) - 246/x?
0
Suppose -t - 3*y = -1808 - 224, -5*t = 4*y - 10171. What is the units digit of t?
5
Suppose 4*k - 21 = -5. Suppose 35 = k*p - 1. What is the units digit of p?
9
Suppose -10 = -s + 12. Let m be (-11)/(s/(-12)) + 1. Suppose 5*o - 143 = m. What is the tens digit of o?
3
Suppose 156 = 4*g - 8*g. Let l = -25 - g. What is the tens digit of 15/1 - (-12 + l)?
1
Suppose r - 6*r + 30 = 5*j, 4*j + 3*r = 23. Suppose -j*k + 14 = -56. Suppose 5*p - 3*p = k. What is the units digit of p?
7
Let p(a) = -163*a - 186. What is the tens digit of p(-12)?
7
Suppose -20 = -5*l - 0. Suppose -l*o + 23 = 3. Suppose -2*t = -2*q + q + 30, -105 = -o*q + t. What is the units digit of q?
0
Suppose 0 = -5*o - 0*w + 4*w - 275, -2*o - 2*w - 92 = 0. Let a = o - -298. What is the units digit of a?
7
Let y(n) = 6*n**2 - 22*n - 17. Let q(u) = -u**2 + u. Let g(l) = -5*q(l) - y(l). What is the tens digit of g(11)?
8
Suppose 0 = 4*l + 14*l - 31446. What is the thousands digit of l?
1
Suppose -267 = 16*u + 53. What is the hundreds digit of 265/2*4*(-4)/u?
1
Let s(c) = c**2 - 9*c - 6. Let l be s(10). Suppose 0 = l*m + 4*d - 0*d, 0 = -4*d - 8. What is the tens digit of 236/8 - 1/m?
2
Let g(m) = m - 9. Let c be g(12). Suppose -c*x - 15 - 21 = 0. What is the tens digit of 15/20 + (-519)/x?
4
What is the tens digit of (-23047)/(-57) + 10/6?
0
Suppose 2*v = -4*y + 6, -2 + 1 = -v. What is the units digit of (-713)/(-69)*(y - -2)?
1
Let z be (-2)/(-10) - (-179)/5. Suppose -q + 4 = 0, -3*q = 3*t + t - z. Let u(m) = 8*m - 5. What is the units digit of u(t)?
3
Suppose -z - 4 = 2. Let c be -3 - ((-9)/(-3) + z). Let q = 21 - c. 